 a factor of 4923?
False
Does 4 divide 2324?
True
Is 2848 a multiple of 16?
True
Is 27 a factor of 2521?
False
Does 149 divide 16092?
True
Is 29 a factor of 3751?
False
Is 168 a multiple of 8?
True
Does 96 divide 5376?
True
Is 11 a factor of 2054?
False
Is 483 a multiple of 7?
True
Is 27888 a multiple of 24?
True
Does 23 divide 892?
False
Is 31 a factor of 2139?
True
Is 86 a factor of 2976?
False
Is 3 a factor of 288?
True
Is 18 a factor of 23591?
False
Does 23 divide 1521?
False
Is 47 a factor of 129?
False
Is 23 a factor of 784?
False
Does 23 divide 31711?
False
Does 48 divide 140?
False
Is 27 a multiple of 3?
True
Is 79 a factor of 45585?
False
Is 10465 a multiple of 21?
False
Is 630 a multiple of 14?
True
Does 8 divide 32734?
False
Is 350 a multiple of 12?
False
Is 516 a multiple of 6?
True
Is 7490 a multiple of 90?
False
Does 25 divide 31723?
False
Does 26 divide 432?
False
Does 51 divide 16078?
False
Is 28 a factor of 31696?
True
Does 177 divide 8142?
True
Is 49 a factor of 931?
True
Does 12 divide 13767?
False
Does 122 divide 15639?
False
Does 5 divide 5114?
False
Is 144 a multiple of 6?
True
Is 45 a factor of 17387?
False
Is 3618 a multiple of 9?
True
Does 29 divide 348?
True
Is 2898 a multiple of 126?
True
Is 204 a multiple of 3?
True
Is 72863 a multiple of 8?
False
Is 1034 a multiple of 7?
False
Is 14 a factor of 3738?
True
Is 3032 a multiple of 12?
False
Is 8 a factor of 112?
True
Is 208 a factor of 73008?
True
Is 5 a factor of 1205?
True
Is 18 a factor of 31428?
True
Is 18026 a multiple of 119?
False
Does 57 divide 36993?
True
Does 172 divide 9804?
True
Is 89 a factor of 44856?
True
Does 267 divide 20025?
True
Is 14482 a multiple of 17?
False
Does 44 divide 1799?
False
Does 20 divide 100557?
False
Is 11 a factor of 1835?
False
Does 11 divide 1749?
True
Is 62 a factor of 1026?
False
Does 2 divide 1939?
False
Is 27 a factor of 151?
False
Is 4500 a multiple of 75?
True
Does 32 divide 1049?
False
Does 45 divide 135?
True
Is 5 a factor of 67?
False
Is 30 a factor of 750?
True
Is 1445 a multiple of 94?
False
Is 2165 a multiple of 8?
False
Does 3 divide 807?
True
Does 64 divide 1152?
True
Is 41730 a multiple of 130?
True
Is 7 a factor of 12159?
True
Is 60 a factor of 815?
False
Is 3 a factor of 544?
False
Is 19 a factor of 3420?
True
Is 17 a factor of 1676?
False
Does 5 divide 34318?
False
Is 14 a factor of 46844?
True
Is 2491 a multiple of 123?
False
Is 40 a multiple of 5?
True
Is 2230 a multiple of 28?
False
Is 2 a factor of 9378?
True
Does 61 divide 671?
True
Is 462 a multiple of 15?
False
Is 78 a factor of 7956?
True
Is 1020 a multiple of 68?
True
Does 71 divide 17441?
False
Does 101 divide 1291?
False
Does 2 divide 3052?
True
Does 7 divide 7477?
False
Is 2103 a multiple of 24?
False
Does 22 divide 5016?
True
Is 7 a factor of 11690?
True
Is 14 a factor of 560?
True
Is 99 a factor of 13107?
False
Is 29008 a multiple of 36?
False
Is 29 a factor of 1334?
True
Does 13 divide 2145?
True
Does 8 divide 12736?
True
Is 14 a factor of 210?
True
Is 114 a factor of 13982?
False
Is 163 a factor of 37667?
False
Is 90 a multiple of 9?
True
Is 5452 a multiple of 38?
False
Does 90 divide 6390?
True
Is 3137 a multiple of 15?
False
Is 171 even?
False
Is 12 a factor of 2136?
True
Does 20 divide 400?
True
Does 203 divide 27193?
False
Is 13 a factor of 3120?
True
Is 9413 a multiple of 2?
False
Does 97 divide 19109?
True
Does 72 divide 1512?
True
Does 3 divide 194?
False
Is 9605 a multiple of 211?
False
Is 6874 a multiple of 178?
False
Does 310 divide 84587?
False
Is 120 a factor of 22720?
False
Is 7 a factor of 704?
False
Does 141 divide 18563?
False
Does 93 divide 5494?
False
Does 74 divide 9768?
True
Is 1256 a multiple of 56?
False
Is 9 a factor of 75303?
True
Does 5 divide 125?
True
Is 1745 a multiple of 122?
False
Is 52699 a multiple of 13?
False
Is 7 even?
False
Is 19530 a multiple of 93?
True
Is 19624 a multiple of 44?
True
Does 43 divide 3026?
False
Is 33 a factor of 75?
False
Does 11 divide 4389?
True
Does 15 divide 904?
False
Is 655 a multiple of 15?
False
Is 9 a factor of 26046?
True
Is 6460 a multiple of 178?
False
Does 11 divide 939?
False
Does 53 divide 441?
False
Does 3 divide 128?
False
Does 4 divide 488?
True
Does 79 divide 8532?
True
Is 4 a factor of 225?
False
Does 2 divide 814?
True
Is 49 a factor of 8183?
True
Does 14 divide 632?
False
Is 2 a factor of 2257?
False
Is 1044 a multiple of 12?
True
Is 15 a factor of 53186?
False
Is 391 a multiple of 3?
False
Does 19 divide 240?
False
Is 26479 a multiple of 16?
False
Does 51 divide 50959?
False
Is 298 a multiple of 10?
False
Is 14 a factor of 379?
False
Is 8640 a multiple of 48?
True
Is 1729 a multiple of 20?
False
Is 612 a multiple of 68?
True
Is 2378 a multiple of 58?
True
Is 429 a multiple of 11?
True
Is 5 a factor of 1940?
True
Does 10 divide 439?
False
Is 174 a multiple of 6?
True
Does 185 divide 8390?
False
Is 13635 a multiple of 12?
False
Does 9 divide 5769?
True
Is 6 a factor of 143?
False
Is 951 even?
False
Does 4 divide 3988?
True
Does 27 divide 486?
True
Is 34 a factor of 47476?
False
Is 28 a factor of 2907?
False
Is 571 a multiple of 23?
False
Is 8511 a multiple of 12?
False
Is 13000 a multiple of 50?
True
Does 124 divide 7564?
True
Does 494 divide 75582?
True
Is 954 a multiple of 18?
True
Is 57 a multiple of 2?
False
Does 22 divide 148?
False
Is 13 a factor of 1326?
True
Does 15 divide 661?
False
Is 975 a multiple of 39?
True
Does 16 divide 736?
True
Is 14881 a multiple of 10?
False
Is 343 a multiple of 49?
True
Does 2 divide 4214?
True
Is 2 a factor of 120?
True
Is 2616 a multiple of 75?
False
Does 7 divide 28958?
False
Is 8 a factor of 12280?
True
Is 22094 a multiple of 46?
False
Is 763 a multiple of 12?
False
Is 6852 a multiple of 2?
True
Is 61 a factor of 4743?
False
Is 4 a factor of 157?
False
Is 16830 a multiple of 306?
True
Is 5 a multiple of 2?
False
Does 127 divide 1397?
True
Is 1508 a multiple of 90?
False
Does 30 divide 506?
False
Is 6 a factor of 262?
False
Does 11 divide 62535?
True
Does 16 divide 656?
True
Is 11 a factor of 22967?
False
Is 5 a factor of 236?
False
Is 91 a factor of 14496?
False
Is 1240 a multiple of 10?
True
Is 2614 a multiple of 19?
False
Is 270 a multiple of 10?
True
Is 3 a factor of 13?
False
Is 4771 a multiple of 8?
False
Is 13 a factor of 7720?
False
Does 26 divide 47866?
True
Is 8425 a multiple of 5?
True
Does 11 divide 759?
True
Is 941 a multiple of 60?
False
Does 52 divide 6344?
True
Does 50 divide 1200?
True
Is 66 a factor of 1122?
True
Is 4491 a multiple of 162?
False
Is 4 a factor of 620?
True
Is 4037 a multiple of 57?
False
Does 14 divide 1848?
True
Is 23 a factor of 1104?
True
Is 1785 a multiple of 21?
True
Does 92 divide 2484?
True
Does 5 divide 102?
False
Is 7 a factor of 140?
True
Does 51 divide 24452?
False
Is 136 a factor of 25024?
True
Does 10 divide 1180?
True
Is 192 a multiple of 4?
True
Does 4 divide 1276?
True
Is 11541 a multiple of 17?
False
Is 3948 a multiple of 84?
True
Is 2880 a multiple of 64?
True
Is 324 a multiple of 12?
True
Does 21 divide 210?
True
Is 189 a multiple of 22?
False
Is 3569 a multiple of 47?
False
Does 74 divide 78292?
True
Is 12 a factor of 26868?
True
Does 28 divide 4312?
True
Is 58 a factor of 1045?
False
Is 78 a factor of 1344?
False
Is 10 a factor of 299?
False
Is 3645 a multiple of 45?
True
Is 9438 a multiple of 66?
True
Is 585 a multiple of 65?
True
Does 18 divide 103?
False
Is 60 a factor of 9900?
True
Is 2 a factor of 284?
True
Does 5 divide 1533?
False
Is 16 a factor of 1280?
True
Does 9 divide 1260?
True
Does 4 divide 1621?
False
Is 11 a factor of 561?
True
Is 25 a factor of 3448?
False
Does 64 divide 3790?
False
Does 21 divide 22974?
True
Is 745 a multiple of 5?
True
Is 7030 a multiple of 190?
True
Is 3275 a multiple of 5?
True
Is 6842 a multiple of 22?
True
Is 8 a factor of 506?
False
Does 38 divide 1731?
False
Does 11 divide 3306?
False
Does 15 divide 1296?
False
Does 14 divide 11826?
False
Is 213 a multiple of 26?
False
Does 8 divide 1389?
False
Is 12 a factor of 182?
False
Is 37631 a multiple of 23?
False
Is 7423 a multiple of 13?
True
Does 9 divide 1323?
True
Is 177 a multiple of 78?
False
Is 12 a factor of 14?
False
Is 77 a multiple of 7?
True
Does 6 divide 1226?
False
Does 171 div